 -20*l + 2850. Suppose 7*a + 419 - l = 0. Calculate the remainder when a is divided by 5.
3
Let d = -12415 - -12529. Calculate the remainder when 2507 is divided by d.
113
Suppose 0 = -2*z + 50 - 2. What is the remainder when z is divided by (-5290)/(-103155) + (-230)/(-78)?
0
Suppose -x = -23 - 5. Suppose 8*m - 4*m + 2*h - x = 0, -m + 5*h = 4. Suppose 180 = -m*l + 1332. What is the remainder when l is divided by 39?
36
Suppose 29*h - 2864 - 5604 = 0. Suppose 4 = x, 2*x + h = 7*g - 3*g. Let i = 9 - -17. Calculate the remainder when g is divided by i.
23
Let y(r) = -r**3 + 4*r**2 - 3*r + 12. Let z be y(4). Suppose z = -t + 20 + 9. Let h = 47 - t. Calculate the remainder when 68 is divided by h.
14
Let j = 112 - 67. Suppose 0 = 2*v + 68 - 76. Suppose 4*z - 364 = -v*i, -z - i + 95 = i. Calculate the remainder when z is divided by j.
42
Let k = -2825 - -2835. Calculate the remainder when 1039 is divided by k.
9
Let l = 2366 - 2337. Calculate the remainder when 765 is divided by l.
11
Let r(q) = -q + 22. Calculate the remainder when 2728 is divided by r(-20).
40
Suppose 5*u = u. Suppose -4*s = s - 3*w - 159, u = 2*s + 2*w - 54. Calculate the remainder when (-3)/((-15)/(-55))*(47495/(-253))/35 is divided by s.
29
Suppose 0 + 5 = -5*o, 2*o = -y + 5. What is the remainder when 550 is divided by y?
4
Let l = -8 + 0. Let k = l + 6. What is the remainder when 33 is divided by 1/((-2)/(-33 + (k - -1)))?
16
Let w(o) = -20*o + 150. What is the remainder when 250 is divided by w(1)?
120
Let s be 1 - -3 - (-24 - -1). Let r = s - -12. Suppose 186*y = 178*y + 80. What is the remainder when r is divided by y?
9
Suppose -4*p = -4*o - 20, 3*p + 12 = -4*o + 5*p. Let u be ((-3)/o)/((-4)/(-8)*2). Suppose 4*q - u*q = 133. What is the remainder when q is divided by 34?
31
What is the remainder when 7/7*(-5 - -4)*-3640 is divided by 330?
10
Suppose 0 = -3*m + j + 1230, -5*m - 3*j + 400 = -4*m. Suppose 0 = 8*s - m - 487. What is the remainder when s is divided by 13?
8
Let t(s) be the first derivative of 7*s**3 - s**2/2 + 1. Let o(p) = -2*p**3 - 68*p**2 - p - 30. What is the remainder when t(-1) is divided by o(-34)?
2
Suppose 3*g - 826 - 111 = 4*d, -2*g = -2*d - 470. Let l = -169 - d. Calculate the remainder when l is divided by (-4)/2 + 2 + 16.
15
Suppose 2*a = -a - 1122. Let d be ((-855)/(-38))/((-3)/30). Let r = d - a. Calculate the remainder when r is divided by 38.
35
Suppose -m - 148 = -3*x, -64*x + 63*x + 3*m + 52 = 0. Calculate the remainder when 738 is divided by x.
3
Suppose -148*p = -156*p + 64. Calculate the remainder when 66 is divided by 16/20 - (-21)/15*p.
6
Suppose 11 - 67 = -2*s. What is the remainder when ((-26)/((-156)/498))/(1/1) is divided by s?
27
Let p = 993 - 976. What is the remainder when 2476 is divided by p?
11
Suppose 90*u = 100*u - 21450. Calculate the remainder when u is divided by 43.
38
Suppose -4*w - 4*f + 306 = -426, 0 = -3*w + 5*f + 573. Let d = w - 143. What is the remainder when d is divided by 15?
13
Let q(v) = 31*v**3 + v**2 + 2. Let l = 7 - 9. Let h be q(l). Let k = -159 - h. Calculate the remainder when k is divided by 29.
25
Let t be 2/1*57/6. Suppose -86 - t = -5*a. Let o(p) = -p**2 + 3*p + 429. Calculate the remainder when a is divided by o(22).
10
Let w be (-1 - -9)/((-12)/(-228)). Suppose 3*n - 194 = 4*u, 21*n - 23*n - 3*u + w = 0. Calculate the remainder when n is divided by 12.
10
Let m = -4635 - -4724. Calculate the remainder when (-3141)/(-12) + 2 + 3/12 is divided by m.
86
Suppose 114*g - 118*g = 5*c - 258, -4*g + 2*c + 272 = 0. What is the remainder when 266 is divided by g?
65
Let c = -37 + 43. Let q(w) = 6*w - 30. Let o be q(c). What is the remainder when 111*(0 + 10/o) is divided by 31?
30
Let w(v) = v**2 - 22*v - 2822. Calculate the remainder when w(106) is divided by 39.
37
Calculate the remainder when (30/(-18)*2)/(33/(-49797)) is divided by 1672.
14
Suppose 76*d = 82*d - 156. Let h be (5 + -4 + 0)*46. Let i = h - d. What is the remainder when 118 is divided by i?
18
Let s(o) = 2*o**3 - 9*o**2 - 7*o + 28. Calculate the remainder when s(7) is divided by 6/(-27) + (-346)/54*-3.
15
Let g(h) = -72*h - 361. Calculate the remainder when g(-39) is divided by 50.
47
Calculate the remainder when 243 is divided by 3 - (-12 + 2)*(-182)/(-112)*8.
110
Suppose -199*g + 195*g = 5*h - 171, -2*h = -5*g + 156. Calculate the remainder when 558 is divided by g.
14
Let w(p) = -p**2 + 18*p + 40. Let t be w(20). Let d be -3*1 + (-72)/(-6). Suppose 15*b - d*b - 282 = t. What is the remainder when b is divided by 17?
13
Let s(z) = 136*z + 139*z - 284*z + 357*z**2 - 9. Calculate the remainder when s(-1) is divided by 33.
27
Let h be 3/(9/3) + 12. Let m be (h - 12)*(-3 + 2 - -9). Let p = 25 - m. Calculate the remainder when 168 is divided by p.
15
Let u = -28 + 23. Let k be ((-36)/45)/(1/u). Suppose -k*i + i - 118 = -5*m, i + 1 = 0. Calculate the remainder when m is divided by 13.
10
Suppose -5*f = 191 - 291. What is the remainder when (9/3)/((9/f)/3) is divided by 3?
2
Let o = -47 + 49. Suppose -8 = -4*m - 2*x, m + 2*m = -o*x + 5. Suppose v = -4*l + 20, -3*v - l + 60 = -0*v. Calculate the remainder when v is divided by m.
2
Let c = -2796 - -4703. Calculate the remainder when c is divided by 23.
21
Suppose -29 + 29 = 22*t - t. Suppose -4*j = -13 + 1. Suppose t = j*h + 3*h - 90. What is the remainder when 25 is divided by h?
10
Let j(x) = -x**2 - 7*x - 4. Let y be j(-5). Suppose y - 121 = -5*z. Let v = 66830 + -66785. What is the remainder when v is divided by z?
22
Let c(q) = q**2 + q - 2. Let j be c(-3). Suppose 32*n = -223 + 6367. Suppose -j*w + n = -0*w. What is the remainder when w is divided by 17?
14
Suppose 4*s = 4*l + 572, -s + l = -2*l - 143. What is the remainder when 4716 is divided by s?
140
Suppose -50 = 8*y - 474. Calculate the remainder when 400 is divided by y.
29
Let t = 3263 + -2588. What is the remainder when t is divided by 20?
15
Let o(m) = 124*m + 2390. What is the remainder when o(-16) is divided by 194?
18
Suppose -3*w - 3 = 3*o, -15 + 47 = -2*w + 4*o. Let c = w + 20. Calculate the remainder when c is divided by -8*(0 - 2)/2.
6
Suppose 135*g - 2140 = 28*g. What is the remainder when 49 is divided by g?
9
Let g(l) = l**3 - 11*l**2 - 7*l + 17. Let t be g(10). Calculate the remainder when (-24)/6 + t/(-3) is divided by 15.
2
Let w(x) = 116*x - 196. What is the remainder when w(5) is divided by 77?
76
Let k(l) = -l - 15. Let b be k(-17). Suppose b*f - 184 = -6*f. What is the remainder when f is divided by 8?
7
Let u(r) = -3*r**3 + r**2 - 8*r - 31. Let n be u(-7). Suppose 4 = 5*q - 21, -4*d + q + n = 0. What is the remainder when d is divided by 56?
53
Calculate the remainder when (-297)/27 + 15 + (2 - -482) is divided by 163.
162
Suppose 309 = -5*s + 10*s - 2*i, 0 = 3*s - 3*i - 189. Suppose 30 = -s*z + 66*z. What is the remainder when 82 is divided by z?
4
Suppose 0 = 5*d - 3*q + 56, -7*d = -8*d + 4*q - 18. Let u(j) = 3*j + 79. Calculate the remainder when u(d) is divided by (26/5)/((-1)/(-5)).
23
Let c be 2198/8 - 1/(-4). Suppose -h - 4*h = -c. Let g = -1453 + 1481. What is the remainder when h is divided by g?
27
Let u = -88 - -90. Calculate the remainder when 239 - -9 - (8/u)/(-2) is divided by 36.
34
Let y = -73 - -88. What is the remainder when y is divided by (16/8)/(2/3)?
0
Let p(s) = -s**3 - 49*s**2 + 49*s - 2. Let u(w) = w**3 + 18*w**2 + 78*w + 22. Let n be u(-12). Calculate the remainder when p(n) is divided by 17.
14
Suppose -22 + 7 = -5*c. Suppose -4 = -c*m + 5. Suppose -m*f - 3 = -24. What is the remainder when 10 is divided by f?
3
Let t(k) = -19*k + 18 + 28 + 2*k**2 - 4 + 3*k - k**2. What is the remainder when t(15) is divided by 15?
12
Suppose 7*c + 3302 = -1038. Let v = c - -716. Calculate the remainder when v is divided by 20.
16
Suppose -133*x - 467*x + 23772 = -34*x. Calculate the remainder when 836 is divided by x.
38
Suppose 7*r - 3 = 11. Suppose -216 = -r*v + 104. Suppose -d + v = 7*d. What is the remainder when 99 is divided by d?
19
Suppose 0 = 3*y + 3*r - 2469, -8*y + y + 5785 = r. Calculate the remainder when y is divided by 126.
71
Suppose 2191 = 10*w + 1061. What is the remainder when 968 is divided by w?
64
Let d = -276 - -273. Let o(u) be the second derivative of u**5/20 + u**4/4 + u